{"id":488,"date":"2021-10-27T11:17:24","date_gmt":"2021-10-27T09:17:24","guid":{"rendered":"https:\/\/bmacloud.7systems.de\/?page_id=488"},"modified":"2025-05-15T11:42:01","modified_gmt":"2025-05-15T09:42:01","slug":"testen","status":"publish","type":"page","link":"https:\/\/bmacloud.7systems.de\/index.php\/testen\/","title":{"rendered":"KOSTENLOS TESTEN"},"content":{"rendered":"<p>[vc_row heading_color=&#8220;primary-1&#8243; font_color=&#8220;#3f3f3f&#8220;][vc_column][vc_raw_html]JTNDJTIxLS0lMjBHb29nbGUlMjB0YWclMjAlMjhndGFnLmpzJTI5JTIwLS0lM0UlMEElM0NzY3JpcHQlMjBhc3luYyUyMHNyYyUzRCUyMmh0dHBzJTNBJTJGJTJGd3d3Lmdvb2dsZXRhZ21hbmFnZXIuY29tJTJGZ3RhZyUyRmpzJTNGaWQlM0RHLTJSWllNTEwzSjglMjIlM0UlM0MlMkZzY3JpcHQlM0UlMEElM0NzY3JpcHQlM0UlMEElMjAlMjB3aW5kb3cuZGF0YUxheWVyJTIwJTNEJTIwd2luZG93LmRhdGFMYXllciUyMCU3QyU3QyUyMCU1QiU1RCUzQiUwQSUyMCUyMGZ1bmN0aW9uJTIwZ3RhZyUyOCUyOSU3QmRhdGFMYXllci5wdXNoJTI4YXJndW1lbnRzJTI5JTNCJTdEJTBBJTIwJTIwZ3RhZyUyOCUyN2pzJTI3JTJDJTIwbmV3JTIwRGF0ZSUyOCUyOSUyOSUzQiUwQSUwQSUyMCUyMGd0YWclMjglMjdjb25maWclMjclMkMlMjAlMjdHLTJSWllNTEwzSjglMjclMjklM0IlMEElM0MlMkZzY3JpcHQlM0U=[\/vc_raw_html]<h1 class=\"grve-element grve-align-center grve-title-line grve-h1\" style=\"\"><span>Jetzt 3 Monate gratis testen<\/span><\/h1>[vc_empty_space height=&#8220;12px&#8220;][vc_column_text text_style=&#8220;subtitle&#8220;]<\/p>\n<p style=\"text-align: center;\">Erst testen &#8211; dann kaufen!<br \/>\nTesten Sie die digitale 1-Mann-Wartung mit der BMAcloud in Ihrem Wartungsalltag.<\/p>\n<p style=\"text-align: center;\">3 Monate vollumf\u00e4nglichen Zugang zu unserer Hard- &amp; Software &#8211;<br \/>\nohne Vertragsbindung oder sonstige Haken.<\/p>\n<p>[\/vc_column_text][vc_empty_space height=&#8220;12px&#8220;]<div class=\"grve-element grve-image grve-align-center\" style=\"\"><img loading=\"lazy\" decoding=\"async\" width=\"1024\" height=\"536\" src=\"https:\/\/bmacloud.7systems.de\/wp-content\/uploads\/2025\/05\/Mobile-BMA-Wartung_V1_1200x628_TESTEN-1024x536.png\" class=\"attachment-large size-large\" alt=\"\" srcset=\"https:\/\/bmacloud.7systems.de\/wp-content\/uploads\/2025\/05\/Mobile-BMA-Wartung_V1_1200x628_TESTEN-1024x536.png 1024w, https:\/\/bmacloud.7systems.de\/wp-content\/uploads\/2025\/05\/Mobile-BMA-Wartung_V1_1200x628_TESTEN-300x157.png 300w, https:\/\/bmacloud.7systems.de\/wp-content\/uploads\/2025\/05\/Mobile-BMA-Wartung_V1_1200x628_TESTEN-768x402.png 768w, https:\/\/bmacloud.7systems.de\/wp-content\/uploads\/2025\/05\/Mobile-BMA-Wartung_V1_1200x628_TESTEN.png 1200w\" sizes=\"auto, (max-width: 1024px) 100vw, 1024px\" \/><\/div>[vc_empty_space height=&#8220;40px&#8220;][\/vc_column][\/vc_row][vc_row heading_color=&#8220;primary-1&#8243; bg_type=&#8220;color&#8220; font_color=&#8220;#3f3f3f&#8220; bg_color=&#8220;#d1d1d1&#8243;][vc_column][vc_empty_space height=&#8220;42px&#8220;]<h2 class=\"grve-element grve-align-left grve-title-line grve-h2\" style=\"\"><span>Wie l\u00e4uft die kostenfreie Testphase genau ab?<\/span><\/h2>[vc_empty_space height=&#8220;21px&#8220;][vc_column_text]Sie erhalten 3 Monate <strong>freien Zugang zu unserer Software<\/strong> inkl. vollumf\u00e4nglicher Funktionalit\u00e4t. Dar\u00fcber hinaus stellen wir Ihnen eine <strong>vollst\u00e4ndige Hardwareausstattung<\/strong> f\u00fcr Ihre Anlagen zur Verf\u00fcgung, bestehend aus einer <strong>Wartungsbox<\/strong> und ausreichend <strong>Adaptern f\u00fcr alle Ihre Anlage-Typen<\/strong>.<\/p>\n<p>Die <strong>Einweisung<\/strong> an Ihre Anlagen findet als <strong>digitales Onboarding<\/strong> durch unsere <strong>qualifizierten Experten<\/strong> statt und ist ebenfalls <strong>kostenfrei<\/strong> .<\/p>\n<p>Im Anschluss <strong>testen Sie<\/strong> unsere Hard- &amp; Software <strong>beliebig<\/strong> f\u00fcr 3 Monate <b>in Ihrem individuellen Wartungsalltag.<\/b><\/p>\n<p>Sind Sie nach den 3 Monaten nicht von den Vorteilen der BMAcloud \u00fcberzeugt, senden Sie uns ganz unkompliziert einfach alles zur\u00fcck.[\/vc_column_text][vc_empty_space height=&#8220;42px&#8220;][\/vc_column][\/vc_row][vc_row heading_color=&#8220;primary-1&#8243; bg_type=&#8220;color&#8220; font_color=&#8220;#3f3f3f&#8220; bg_color=&#8220;#ffffff&#8220;][vc_column]<h2 class=\"grve-element grve-align-left grve-title-line grve-h2\" style=\"\"><span>Was muss ich daf\u00fcr bereitstellen?<\/span><\/h2>[vc_empty_space height=&#8220;21px&#8220;][vc_column_text]Sie m\u00fcssen lediglich eine <strong>Testanlage<\/strong> inkl. Anschl\u00fcsse\u00a0bereitstellen, um die Wartungsbox mit dem Internet zu verbinden.<\/p>\n<p>Au\u00dferdem ben\u00f6tigen Sie ca. <strong>2 Stunden Zeit<\/strong> f\u00fcr unser digitales Onboarding.[\/vc_column_text][\/vc_column][\/vc_row][vc_row heading_color=&#8220;primary-1&#8243; bg_type=&#8220;color&#8220; font_color=&#8220;#3f3f3f&#8220; bg_color=&#8220;#d1d1d1&#8243;][vc_column][vc_empty_space height=&#8220;42px&#8220;]<h2 class=\"grve-element grve-align-left grve-title-line grve-h2\" style=\"\"><span>Melden Sie sich noch heute und testen Sie uns ganz unverbindlich!<\/span><\/h2>[vc_empty_space height=&#8220;21px&#8220;][\/vc_column][vc_column width=&#8220;1\/4&#8243;][vc_empty_space]<div class=\"grve-element grve-box-icon grve-align-center\" style=\"\"><a href=\"mailto:info@7systems.de\" target=\"_blank\">  <div class=\"grve-icon grve-large grve-simple grve-round grve-bg-primary-1 fa fa-envelope\"><\/div><\/a>  <div class=\"grve-box-content\"><a href=\"mailto:info@7systems.de\" target=\"_blank\"><h5 class=\"grve-box-title\"><span>E-MAIL<\/span><\/h5><\/a>  <\/div><\/div>[\/vc_column][vc_column width=&#8220;1\/4&#8243;][vc_empty_space]<div class=\"grve-element grve-box-icon grve-align-center\" style=\"\"><a href=\"tel:02266%204400014\" target=\"_blank\">  <div class=\"grve-icon grve-large grve-simple grve-round grve-bg-primary-1 fa fa-phone\"><\/div><\/a>  <div class=\"grve-box-content\"><a href=\"tel:02266%204400014\" target=\"_blank\"><h5 class=\"grve-box-title\"><span>ANRUFEN<\/span><\/h5><\/a>  <\/div><\/div>[\/vc_column][vc_column width=&#8220;1\/4&#8243;][vc_empty_space]<div class=\"grve-element grve-box-icon grve-align-center\" style=\"\"><a href=\"\/\/livezilla.7systems.de\/chat.php?ptl=de&#038;hfk=MQ__\" target=\"_blank\">  <div class=\"grve-icon grve-large grve-simple grve-round grve-bg-primary-1 fa fa-wechat\"><\/div><\/a>  <div class=\"grve-box-content\"><a href=\"\/\/livezilla.7systems.de\/chat.php?ptl=de&#038;hfk=MQ__\" target=\"_blank\"><h5 class=\"grve-box-title\"><span>LIVE-CHAT<\/span><\/h5><\/a>  <\/div><\/div>[\/vc_column][vc_column width=&#8220;1\/4&#8243;][vc_empty_space]<div class=\"grve-element grve-box-icon grve-align-center\" style=\"\"><a href=\"https:\/\/bmacloud.7systems.de\/index.php\/kontakt\/\" target=\"_blank\">  <div class=\"grve-icon grve-large grve-simple grve-round grve-bg-primary-1 fa fa-pencil-square-o\"><\/div><\/a>  <div class=\"grve-box-content\"><a href=\"https:\/\/bmacloud.7systems.de\/index.php\/kontakt\/\" target=\"_blank\"><h5 class=\"grve-box-title\"><span>KONTAKTFORMULAR<\/span><\/h5><\/a>  <\/div><\/div>[\/vc_column][vc_column][vc_empty_space height=&#8220;42px&#8220;][\/vc_column][\/vc_row][vc_row heading_color=&#8220;light&#8220; bg_type=&#8220;image&#8220; bg_image=&#8220;19&#8243; bg_image_type=&#8220;parallax&#8220; opacity_overlay=&#8220;70&#8243; font_color=&#8220;#ffffff&#8220; padding_top=&#8220;120&#8243; padding_bottom=&#8220;120&#8243;][vc_column]<div class=\"grve-element grve-slogan grve-align-center\" style=\"\">  <p class=\"grve-subtitle\"><\/p><a class=\"grve-btn grve-btn-extralarge grve-round grve-white-color grve-btn-line\" href=\"https:\/\/bmacloud.7systems.de\/\" target=\"_blank\" style=\"\"><span>MEHR ERFAHREN<\/span><\/a><\/div>[\/vc_column][\/vc_row]<\/p>\n","protected":false},"excerpt":{"rendered":"<p>[vc_row heading_color=&#8220;primary-1&#8243; font_color=&#8220;#3f3f3f&#8220;][vc_column][vc_raw_html]JTNDJTIxLS0lMjBHb29nbGUlMjB0YWclMjAlMjhndGFnLmpzJTI5JTIwLS0lM0UlMEElM0NzY3JpcHQlMjBhc3luYyUyMHNyYyUzRCUyMmh0dHBzJTNBJTJGJTJGd3d3Lmdvb2dsZXRhZ21hbmFnZXIuY29tJTJGZ3RhZyUyRmpzJTNGaWQlM0RHLTJSWllNTEwzSjglMjIlM0UlM0MlMkZzY3JpcHQlM0UlMEElM0NzY3JpcHQlM0UlMEElMjAlMjB3aW5kb3cuZGF0YUxheWVyJTIwJTNEJTIwd2luZG93LmRhdGFMYXllciUyMCU3QyU3QyUyMCU1QiU1RCUzQiUwQSUyMCUyMGZ1bmN0aW9uJTIwZ3RhZyUyOCUyOSU3QmRhdGFMYXllci5wdXNoJTI4YXJndW1lbnRzJTI5JTNCJTdEJTBBJTIwJTIwZ3RhZyUyOCUyN2pzJTI3JTJDJTIwbmV3JTIwRGF0ZSUyOCUyOSUyOSUzQiUwQSUwQSUyMCUyMGd0YWclMjglMjdjb25maWclMjclMkMlMjAlMjdHLTJSWllNTEwzSjglMjclMjklM0IlMEElM0MlMkZzY3JpcHQlM0U=[\/vc_raw_html][vc_empty_space height=&#8220;12px&#8220;][vc_column_text text_style=&#8220;subtitle&#8220;] Erst testen &#8211; dann kaufen! Testen Sie die digitale 1-Mann-Wartung mit der BMAcloud in Ihrem Wartungsalltag. 3 Monate vollumf\u00e4nglichen Zugang zu unserer Hard- &amp; Software &#8211; ohne Vertragsbindung oder sonstige Haken. [\/vc_column_text][vc_empty_space height=&#8220;12px&#8220;][vc_empty_space height=&#8220;40px&#8220;][\/vc_column][\/vc_row][vc_row heading_color=&#8220;primary-1&#8243; bg_type=&#8220;color&#8220; font_color=&#8220;#3f3f3f&#8220; bg_color=&#8220;#d1d1d1&#8243;][vc_column][vc_empty_space height=&#8220;42px&#8220;][vc_empty_space height=&#8220;21px&#8220;][vc_column_text]Sie erhalten 3 Monate freien Zugang zu unserer Software inkl. vollumf\u00e4nglicher [&hellip;]<\/p>\n","protected":false},"author":1,"featured_media":0,"parent":0,"menu_order":0,"comment_status":"closed","ping_status":"closed","template":"","meta":{"om_disable_all_campaigns":false,"_mi_skip_tracking":false,"footnotes":""},"class_list":["post-488","page","type-page","status-publish","hentry"],"_links":{"self":[{"href":"https:\/\/bmacloud.7systems.de\/index.php\/wp-json\/wp\/v2\/pages\/488","targetHints":{"allow":["GET"]}}],"collection":[{"href":"https:\/\/bmacloud.7systems.de\/index.php\/wp-json\/wp\/v2\/pages"}],"about":[{"href":"https:\/\/bmacloud.7systems.de\/index.php\/wp-json\/wp\/v2\/types\/page"}],"author":[{"embeddable":true,"href":"https:\/\/bmacloud.7systems.de\/index.php\/wp-json\/wp\/v2\/users\/1"}],"replies":[{"embeddable":true,"href":"https:\/\/bmacloud.7systems.de\/index.php\/wp-json\/wp\/v2\/comments?post=488"}],"version-history":[{"count":55,"href":"https:\/\/bmacloud.7systems.de\/index.php\/wp-json\/wp\/v2\/pages\/488\/revisions"}],"predecessor-version":[{"id":19346,"href":"https:\/\/bmacloud.7systems.de\/index.php\/wp-json\/wp\/v2\/pages\/488\/revisions\/19346"}],"wp:attachment":[{"href":"https:\/\/bmacloud.7systems.de\/index.php\/wp-json\/wp\/v2\/media?parent=488"}],"curies":[{"name":"wp","href":"https:\/\/api.w.org\/{rel}","templated":true}]}}