{"id":3,"date":"2021-02-04T10:44:07","date_gmt":"2021-02-04T09:44:07","guid":{"rendered":"https:\/\/bmacloud.7systems.de\/?page_id=3"},"modified":"2024-07-17T14:30:59","modified_gmt":"2024-07-17T12:30:59","slug":"impressum","status":"publish","type":"page","link":"https:\/\/bmacloud.7systems.de\/index.php\/impressum\/","title":{"rendered":"Impressum"},"content":{"rendered":"<p>[vc_row heading_color=&#8220;dark&#8220; font_color=&#8220;#4f4f4f&#8220;][vc_column][vc_raw_html]JTNDJTIxLS0lMjBHb29nbGUlMjB0YWclMjAlMjhndGFnLmpzJTI5JTIwLS0lM0UlMEElM0NzY3JpcHQlMjBhc3luYyUyMHNyYyUzRCUyMmh0dHBzJTNBJTJGJTJGd3d3Lmdvb2dsZXRhZ21hbmFnZXIuY29tJTJGZ3RhZyUyRmpzJTNGaWQlM0RHLTJSWllNTEwzSjglMjIlM0UlM0MlMkZzY3JpcHQlM0UlMEElM0NzY3JpcHQlM0UlMEElMjAlMjB3aW5kb3cuZGF0YUxheWVyJTIwJTNEJTIwd2luZG93LmRhdGFMYXllciUyMCU3QyU3QyUyMCU1QiU1RCUzQiUwQSUyMCUyMGZ1bmN0aW9uJTIwZ3RhZyUyOCUyOSU3QmRhdGFMYXllci5wdXNoJTI4YXJndW1lbnRzJTI5JTNCJTdEJTBBJTIwJTIwZ3RhZyUyOCUyN2pzJTI3JTJDJTIwbmV3JTIwRGF0ZSUyOCUyOSUyOSUzQiUwQSUwQSUyMCUyMGd0YWclMjglMjdjb25maWclMjclMkMlMjAlMjdHLTJSWllNTEwzSjglMjclMjklM0IlMEElM0MlMkZzY3JpcHQlM0U=[\/vc_raw_html][vc_column_text]<\/p>\r\n\r\n<h3 class=\"wp-block-heading\">Impressum<\/h3>\r\n<h3><\/h3>\r\n\r\n<h3 class=\"wp-block-heading\">Angaben gem\u00e4\u00df \u00a7 5 TMG:<\/h3>\r\n\r\n<p>7systems GmbH<br \/>Schwalbenweg 22<br \/>51789 Lindlar<\/p>\r\n\r\n<p>&nbsp;<\/p>\r\n\r\n<h3 class=\"wp-block-heading\">Vertreten durch:<\/h3>\r\n\r\n<p>Peter Theis<\/p>\r\n<!-- \/wp:post-content -->\r\n<p>&nbsp;<\/p>\r\n<!-- wp:heading -->\r\n<h3>Kontakt:<\/h3>\r\n<p>Tel. +49 2266 4400014<\/p>\r\n<p>E-Mail: \u00a0info@7systems.de<\/p>\r\n<h3>Gesch\u00e4ftsf\u00fchrer:<\/h3>\r\n<!-- \/wp:heading -->\r\n<p>Peter Theis<\/p>\r\n<!-- \/wp:paragraph -->\r\n<p>&nbsp;<\/p>\r\n<!-- wp:heading -->\r\n<h3>Registereintrag:<\/h3>\r\n<!-- \/wp:heading -->\r\n<p><!-- wp:paragraph -->Eintragung im Handelsregister.<br \/>Registergericht: K\u00f6ln<br \/>Registernummer: HRB 86685<\/p>\r\n<!-- \/wp:paragraph -->\r\n<p>&nbsp;<\/p>\r\n<!-- wp:heading -->\r\n<h3>Umsatzsteuer-ID:<\/h3>\r\n<!-- \/wp:heading -->\r\n<p><!-- wp:paragraph -->Umsatzsteuer-Identifikationsnummer gem\u00e4\u00df \u00a727 a Umsatzsteuergesetz: DE305835315<\/p>\r\n<!-- \/wp:paragraph -->\r\n<p>&nbsp;<\/p>\r\n<!-- wp:heading -->\r\n<h3>Haftungsausschluss:<\/h3>\r\n<!-- \/wp:heading -->\r\n<p>&nbsp;<\/p>\r\n<!-- wp:heading {\"level\":3} -->\r\n<h4><strong>Haftung f\u00fcr Inhalte<\/strong><\/h4>\r\n<!-- \/wp:heading -->\r\n<p><!-- wp:paragraph -->Die Inhalte unserer Seiten wurden mit gr\u00f6\u00dfter Sorgfalt erstellt. F\u00fcr die<br \/>Richtigkeit, Vollst\u00e4ndigkeit und Aktualit\u00e4t der Inhalte k\u00f6nnen wir<br \/>jedoch keine Gew\u00e4hr \u00fcbernehmen. Als Diensteanbieter sind wir gem\u00e4\u00df \u00a7 7<br \/>Abs.1 TMG f\u00fcr eigene Inhalte auf diesen Seiten nach den allgemeinen<br \/>Gesetzen verantwortlich. Nach \u00a7 8 bis 10 TMG sind wir als<br \/>Diensteanbieter jedoch nicht verpflichtet, \u00fcbermittelte oder<br \/>gespeicherte fremde Informationen zu \u00fcberwachen oder nach Umst\u00e4nden zu<br \/>forschen, die auf eine rechtswidrige T\u00e4tigkeit hinweisen.<br \/>Verpflichtungen zur Entfernung oder Sperrung der Nutzung von<br \/>Informationen nach den allgemeinen Gesetzen bleiben hiervon unber\u00fchrt.<br \/>Eine diesbez\u00fcgliche Haftung ist jedoch erst ab dem Zeitpunkt der<br \/>Kenntnis einer konkreten Rechtsverletzung m\u00f6glich. Bei Bekanntwerden von<br \/>entsprechenden Rechtsverletzungen werden wir diese Inhalte umgehend<br \/>entfernen.<\/p>\r\n<!-- \/wp:paragraph -->\r\n<p>&nbsp;<\/p>\r\n<!-- wp:heading {\"level\":3} -->\r\n<h4><strong>Haftung f\u00fcr Links<\/strong><\/h4>\r\n<!-- \/wp:heading -->\r\n<p><!-- wp:paragraph -->Unser Angebot enth\u00e4lt Links zu externen Webseiten Dritter, auf deren Inhalte<br \/>wir keinen Einfluss haben. Deshalb k\u00f6nnen wir f\u00fcr diese fremden Inhalte<br \/>auch keine Gew\u00e4hr \u00fcbernehmen. F\u00fcr die Inhalte der verlinkten Seiten ist<br \/>stets der jeweilige Anbieter oder Betreiber der Seiten verantwortlich.<br \/>Die verlinkten Seiten wurden zum Zeitpunkt der Verlinkung auf m\u00f6gliche<br \/>Rechtsverst\u00f6\u00dfe \u00fcberpr\u00fcft. Rechtswidrige Inhalte waren zum Zeitpunkt der<br \/>Verlinkung nicht erkennbar. Eine permanente inhaltliche Kontrolle der<br \/>verlinkten Seiten ist jedoch ohne konkrete Anhaltspunkte einer<br \/>Rechtsverletzung nicht zumutbar. Bei Bekanntwerden von<br \/>Rechtsverletzungen werden wir derartige Links umgehend entfernen.<\/p>\r\n<!-- \/wp:paragraph -->\r\n<p>&nbsp;<\/p>\r\n<!-- wp:heading {\"level\":3} -->\r\n<h4><strong>Urheberrecht<\/strong><\/h4>\r\n<!-- \/wp:heading -->\r\n<p><!-- wp:paragraph -->Die durch die Seitenbetreiber erstellten Inhalte und Werke auf diesen<br \/>Seiten unterliegen dem deutschen Urheberrecht. Die Vervielf\u00e4ltigung,<br \/>Bearbeitung, Verbreitung und jede Art der Verwertung au\u00dferhalb der<br \/>Grenzen des Urheberrechtes bed\u00fcrfen der schriftlichen Zustimmung des<br \/>jeweiligen Autors bzw. Erstellers. Downloads und Kopien dieser Seite<br \/>sind nur f\u00fcr den privaten, nicht kommerziellen Gebrauch gestattet.<br \/>Soweit die Inhalte auf dieser Seite nicht vom Betreiber erstellt wurden,<br \/>werden die Urheberrechte Dritter beachtet. Insbesondere werden Inhalte<br \/>Dritter als solche gekennzeichnet. Sollten Sie trotzdem auf eine<br \/>Urheberrechtsverletzung aufmerksam werden, bitten wir um einen<br \/>entsprechenden Hinweis. Bei Bekanntwerden von Rechtsverletzungen werden<br \/>wir derartige Inhalte umgehend entfernen.<\/p>\r\n<!-- \/wp:paragraph -->\r\n<p>&nbsp;<\/p>\r\n<!-- wp:heading {\"level\":3} -->\r\n<h4>Beteiligung am Streitbeilegungsverfahren<\/h4>\r\n<!-- \/wp:heading -->\r\n<p><!-- wp:paragraph -->Die Firma erkl\u00e4rt sich nicht zur Teilnahme an Streitbeilegungsverfahren vor<br \/>Verbraucherschlichtungsstellen im Sinne des \u00a7 36 Abs. 1<br \/>Verbraucherstreitbeilegungsgesetz (VSBG) bereit. Davon unber\u00fchrt ist die<br \/>M\u00f6glichkeit der Streitbeilegung durch eine<br \/>Verbraucherschlichtungsstelle im Rahmen einer konkreten Streitigkeit bei<br \/>Zustimmung beider Vertragsparteien (\u00a7 37 VSBG).<\/p>\r\n<!-- \/wp:paragraph -->\r\n<p><!-- wp:paragraph -->Plattform der EU zur au\u00dfergerichtlichen Online-Streitbeilegung: <a href=\"http:\/\/www.ec.europa.eu\/consumers\/odr\/\">http:\/\/www.ec.europa.eu\/consumers\/odr\/<\/a><\/p>\r\n<!-- \/wp:paragraph -->\r\n<p><!-- wp:paragraph -->Zur Vermeidung eines etwaigen Rechtsstreits zwischen uns und unseren Kunden<br \/>besteht folgende Allgemeine Verbraucherschlichtungsstelle des Zentrums<br \/>f\u00fcr Schlichtung e.V., Stra\u00dfburger Str. 8, 77694 Kehl, <a href=\"http:\/\/www.verbraucher-schlichter.de\/\">http:\/\/www.verbraucher-schlichter.de\/<\/a><\/p>\r\n<!-- \/wp:paragraph -->\r\n<p>&nbsp;<\/p>\r\n<p>[\/vc_column_text][\/vc_column][\/vc_row]<\/p>","protected":false},"excerpt":{"rendered":"<p>[vc_row heading_color=&#8220;dark&#8220; font_color=&#8220;#4f4f4f&#8220;][vc_column][vc_raw_html]JTNDJTIxLS0lMjBHb29nbGUlMjB0YWclMjAlMjhndGFnLmpzJTI5JTIwLS0lM0UlMEElM0NzY3JpcHQlMjBhc3luYyUyMHNyYyUzRCUyMmh0dHBzJTNBJTJGJTJGd3d3Lmdvb2dsZXRhZ21hbmFnZXIuY29tJTJGZ3RhZyUyRmpzJTNGaWQlM0RHLTJSWllNTEwzSjglMjIlM0UlM0MlMkZzY3JpcHQlM0UlMEElM0NzY3JpcHQlM0UlMEElMjAlMjB3aW5kb3cuZGF0YUxheWVyJTIwJTNEJTIwd2luZG93LmRhdGFMYXllciUyMCU3QyU3QyUyMCU1QiU1RCUzQiUwQSUyMCUyMGZ1bmN0aW9uJTIwZ3RhZyUyOCUyOSU3QmRhdGFMYXllci5wdXNoJTI4YXJndW1lbnRzJTI5JTNCJTdEJTBBJTIwJTIwZ3RhZyUyOCUyN2pzJTI3JTJDJTIwbmV3JTIwRGF0ZSUyOCUyOSUyOSUzQiUwQSUwQSUyMCUyMGd0YWclMjglMjdjb25maWclMjclMkMlMjAlMjdHLTJSWllNTEwzSjglMjclMjklM0IlMEElM0MlMkZzY3JpcHQlM0U=[\/vc_raw_html][vc_column_text] Impressum Angaben gem\u00e4\u00df \u00a7 5 TMG: 7systems GmbHSchwalbenweg 2251789 Lindlar &nbsp; Vertreten durch: Peter Theis &nbsp; Kontakt: Tel. +49 2266 4400014 E-Mail: \u00a0info@7systems.de Gesch\u00e4ftsf\u00fchrer: Peter Theis &nbsp; Registereintrag: Eintragung im Handelsregister.Registergericht: K\u00f6lnRegisternummer: HRB 86685 &nbsp; Umsatzsteuer-ID: Umsatzsteuer-Identifikationsnummer gem\u00e4\u00df \u00a727 a Umsatzsteuergesetz: DE305835315 &nbsp; Haftungsausschluss: &nbsp; Haftung f\u00fcr Inhalte Die Inhalte unserer Seiten [&hellip;]<\/p>\n","protected":false},"author":1,"featured_media":0,"parent":0,"menu_order":0,"comment_status":"closed","ping_status":"open","template":"","meta":{"om_disable_all_campaigns":false,"_mi_skip_tracking":false,"footnotes":""},"class_list":["post-3","page","type-page","status-publish","hentry"],"_links":{"self":[{"href":"https:\/\/bmacloud.7systems.de\/index.php\/wp-json\/wp\/v2\/pages\/3","targetHints":{"allow":["GET"]}}],"collection":[{"href":"https:\/\/bmacloud.7systems.de\/index.php\/wp-json\/wp\/v2\/pages"}],"about":[{"href":"https:\/\/bmacloud.7systems.de\/index.php\/wp-json\/wp\/v2\/types\/page"}],"author":[{"embeddable":true,"href":"https:\/\/bmacloud.7systems.de\/index.php\/wp-json\/wp\/v2\/users\/1"}],"replies":[{"embeddable":true,"href":"https:\/\/bmacloud.7systems.de\/index.php\/wp-json\/wp\/v2\/comments?post=3"}],"version-history":[{"count":10,"href":"https:\/\/bmacloud.7systems.de\/index.php\/wp-json\/wp\/v2\/pages\/3\/revisions"}],"predecessor-version":[{"id":19106,"href":"https:\/\/bmacloud.7systems.de\/index.php\/wp-json\/wp\/v2\/pages\/3\/revisions\/19106"}],"wp:attachment":[{"href":"https:\/\/bmacloud.7systems.de\/index.php\/wp-json\/wp\/v2\/media?parent=3"}],"curies":[{"name":"wp","href":"https:\/\/api.w.org\/{rel}","templated":true}]}}