{"id":165,"date":"2021-02-10T16:40:40","date_gmt":"2021-02-10T15:40:40","guid":{"rendered":"https:\/\/bmacloud.7systems.de\/?page_id=165"},"modified":"2026-01-12T10:47:34","modified_gmt":"2026-01-12T09:47:34","slug":"downloads","status":"publish","type":"page","link":"https:\/\/bmacloud.7systems.de\/index.php\/downloads\/","title":{"rendered":"DOWNLOADS"},"content":{"rendered":"<p>[vc_row][vc_column][vc_raw_html]JTNDJTIxLS0lMjBHb29nbGUlMjB0YWclMjAlMjhndGFnLmpzJTI5JTIwLS0lM0UlMEElM0NzY3JpcHQlMjBhc3luYyUyMHNyYyUzRCUyMmh0dHBzJTNBJTJGJTJGd3d3Lmdvb2dsZXRhZ21hbmFnZXIuY29tJTJGZ3RhZyUyRmpzJTNGaWQlM0RHLTJSWllNTEwzSjglMjIlM0UlM0MlMkZzY3JpcHQlM0UlMEElM0NzY3JpcHQlM0UlMEElMjAlMjB3aW5kb3cuZGF0YUxheWVyJTIwJTNEJTIwd2luZG93LmRhdGFMYXllciUyMCU3QyU3QyUyMCU1QiU1RCUzQiUwQSUyMCUyMGZ1bmN0aW9uJTIwZ3RhZyUyOCUyOSU3QmRhdGFMYXllci5wdXNoJTI4YXJndW1lbnRzJTI5JTNCJTdEJTBBJTIwJTIwZ3RhZyUyOCUyN2pzJTI3JTJDJTIwbmV3JTIwRGF0ZSUyOCUyOSUyOSUzQiUwQSUwQSUyMCUyMGd0YWclMjglMjdjb25maWclMjclMkMlMjAlMjdHLTJSWllNTEwzSjglMjclMjklM0IlMEElM0MlMkZzY3JpcHQlM0U=[\/vc_raw_html]<h1 class=\"grve-element grve-align-left grve-title-line grve-h1\" style=\"\"><span>DOWNLOADS<\/span><\/h1>[vc_empty_space][vc_column_text]<\/p>\r\n<h4>Hier finden Sie hilfreiche Dokumente und Anleitungen zum Download<\/h4>\r\n<p>Sollten Ihre Fragen hierdurch nicht beantwortet werden, kontaktieren Sie einfach unser Serviceteam unter <strong>+49 2266 4400014 <\/strong>oder <a href=\"mailto:support@bmacloud.de\"><strong>support@bmacloud.de<\/strong><\/a>[\/vc_column_text][\/vc_column][\/vc_row][vc_row][vc_column][vc_column_text]<\/p>\r\n<ul>\r\n<li><strong>Zentralenanschluss &amp; Einlesen Programmierung<\/strong>\r\n<ul>\r\n<li><a href=\"https:\/\/www.7systems.de\/wp-content\/uploads\/2019\/10\/Allgemeiner-Import.pdf\">Allgemeiner Import BMA<\/a><\/li>\r\n<li><a href=\"https:\/\/bmacloud.7systems.de\/wp-content\/uploads\/2024\/03\/Allgemeiner-Import-EMAvq2.pdf\" target=\"_blank\" rel=\"noopener\">Allgemeiner Import EMA<\/a><\/li>\r\n<li><a href=\"https:\/\/bmacloud.7systems.de\/wp-content\/uploads\/2024\/06\/ABI-1500-Anschluss-und-einlesen2.pdf\">ABI 1500 Anschluss und einlesen<\/a><\/li>\r\n<li><a href=\"https:\/\/bmacloud.7systems.de\/wp-content\/uploads\/2024\/06\/Bosch-Anschluss-und-einlesen5.pdf\" target=\"_blank\" rel=\"noopener\">Bosch Anschluss und einlesen<\/a><\/li>\r\n<li><a href=\"https:\/\/www.youtube.com\/watch?v=-9FH3qc2lHc\">Bosch FAT Anschlussvideo<\/a><\/li>\r\n<li><a href=\"https:\/\/bmacloud.7systems.de\/wp-content\/uploads\/2025\/01\/Bosch-UEZ-Anleitung3.pdf\">Bosch UEZ Anschluss und einlesen<\/a><\/li>\r\n<li><a href=\"https:\/\/bmacloud.7systems.de\/wp-content\/uploads\/2024\/01\/CEAG-Anschluss-und-einlesen.pdf\">CEAG Anschluss und einlesen<\/a><\/li>\r\n<li><a href=\"https:\/\/bmacloud.7systems.de\/wp-content\/uploads\/2023\/01\/Daitem-Beka-Einlesen-1.pdf\" target=\"_blank\" rel=\"noopener\">DAITEM Beka einlesen<\/a><\/li>\r\n<li><a href=\"https:\/\/bmacloud.7systems.de\/wp-content\/uploads\/2024\/03\/Detectomat-DC3004-V2-Anschluss-und-einlesen.pdf\" target=\"_blank\" rel=\"noopener\">Detectomat DC3004 &#8211; Comfire 3000 +4 Anschluss und einlesen<\/a><\/li>\r\n<li><a href=\"https:\/\/bmacloud.7systems.de\/wp-content\/uploads\/2023\/12\/Detectomat-DC3500-Druckerschnittstelle-Anschluss.pdf\">Detectomat DC3500 Druckerschnittstelle Anschluss<\/a><\/li>\r\n<li><a href=\"https:\/\/bmacloud.7systems.de\/wp-content\/uploads\/2023\/11\/Detectomat-DC3500-einlesen.pdf\" target=\"_blank\" rel=\"noopener\">Detectomat DC3500 einlesen<\/a><\/li>\r\n<li><a href=\"https:\/\/bmacloud.7systems.de\/wp-content\/uploads\/2025\/04\/Anschluss-Wartungsbox-an-Detectomat-GLT-Schnittstelle.pdf\" target=\"_blank\" rel=\"noopener\">Detectomat DC3500 GLT Schnittstelle Anschluss<\/a><\/li>\r\n<li><a href=\"https:\/\/bmacloud.7systems.de\/wp-content\/uploads\/2023\/08\/Anschluss-an-ESPA-444.pdf\" target=\"_blank\" rel=\"noopener\">ESPA 4.4.4<\/a><\/li>\r\n<li><a href=\"https:\/\/bmacloud.7systems.de\/wp-content\/uploads\/2024\/08\/Einlesen-Esser-Files-IQ8-FX-_.pdf\" target=\"_blank\" rel=\"noopener\">Esser IQ8, FX einlesen<\/a><\/li>\r\n<li><a href=\"https:\/\/bmacloud.7systems.de\/wp-content\/uploads\/2024\/02\/Anschluss-Esser-FX-.pdf\" target=\"_blank\" rel=\"noopener\">Esser FX Anschluss<\/a><\/li>\r\n<li><a href=\"https:\/\/bmacloud.7systems.de\/wp-content\/uploads\/2025\/04\/Esser-IQ8-Anschluss-Neu.pdf\" target=\"_blank\" rel=\"noopener\" data-type=\"URL\">Esser IQ8 Anschluss<\/a><\/li>\r\n<li><a href=\"https:\/\/bmacloud.7systems.de\/wp-content\/uploads\/2024\/06\/Hekatron-Anschluss-und-einlesen3.pdf\" target=\"_blank\" rel=\"noopener\">Hekatron Anschluss und einlesen<\/a><\/li>\r\n<li><a href=\"https:\/\/bmacloud.7systems.de\/wp-content\/uploads\/2024\/06\/Hertek-Anschluss-und-einlesen4.pdf\" target=\"_blank\" rel=\"noopener\">Hertek Anschluss und einlesen<\/a><\/li>\r\n<li><a href=\"https:\/\/bmacloud.7systems.de\/wp-content\/uploads\/2024\/06\/Hertek-Expera-einlesen.pdf\" target=\"_blank\" rel=\"noopener\">Hertek Expera einlesen<\/a><\/li>\r\n<li><a href=\"https:\/\/bmacloud.7systems.de\/wp-content\/uploads\/2025\/05\/Anleitung_BMAcloud-CLSS-1.pdf\" target=\"_blank\" rel=\"noopener\">Honeywell CLSS Integration<\/a><\/li>\r\n<li><a href=\"https:\/\/bmacloud.7systems.de\/wp-content\/uploads\/2024\/10\/MBclassic-Anschluss-und-einlesen-V7.pdf\" target=\"_blank\" rel=\"noopener\">Honeywell MB-Classic Anschluss und einlesen<\/a><\/li>\r\n<li><a href=\"https:\/\/bmacloud.7systems.de\/wp-content\/uploads\/2023\/10\/Einlesen-MB-Secure.pdf\">Honeywell MB-Secure einlesen<\/a><\/li>\r\n<li><a href=\"https:\/\/bmacloud.7systems.de\/wp-content\/uploads\/2024\/09\/MB-Secure_Webserver-Anschluss.pdf\" target=\"_blank\" rel=\"noopener\">Honeywell MB-Secure Webserver-Anschluss<\/a><\/li>\r\n<li><a href=\"https:\/\/bmacloud.7systems.de\/wp-content\/uploads\/2023\/01\/Jablotron-Einlesen.pdf\" target=\"_blank\" rel=\"noopener\">Jablotron einlesen<\/a><\/li>\r\n<li><a href=\"https:\/\/bmacloud.7systems.de\/wp-content\/uploads\/2024\/03\/LST-BC216-v2-Anschluss-und-einlesen.pdf\">LST BC216 Anschluss und einlesen<\/a><\/li>\r\n<li><a href=\"https:\/\/bmacloud.7systems.de\/wp-content\/uploads\/2024\/03\/LST-BC600v2-Anschluss-und-einlesen.pdf\" target=\"_blank\" rel=\"noopener\">LST BC600 Anschluss und einlesen<\/a><\/li>\r\n<li><a href=\"https:\/\/bmacloud.7systems.de\/wp-content\/uploads\/2024\/03\/Notifier-Anschluss-und-einlesen-V2.pdf\" target=\"_blank\" rel=\"noopener\">Notifier Anschluss und einlesen<\/a><\/li>\r\n<li><a href=\"https:\/\/bmacloud.7systems.de\/wp-content\/uploads\/2024\/06\/NSC-Anschluss-und-einlesen3-.pdf\" target=\"_blank\" rel=\"noopener\">NSC Anschluss und einlesen<\/a><\/li>\r\n<li><a href=\"https:\/\/www.youtube.com\/watch?v=ihEE4g4S7Cg\">NSC FAT Anschlussvideo<\/a><\/li>\r\n<li><a href=\"https:\/\/bmacloud.7systems.de\/wp-content\/uploads\/2024\/01\/Securiton-SecuriFire-Anschluss-und-einlesen.pdf\" target=\"_blank\" rel=\"noopener\">Securiton SecuriFire Anschluss und einlesen<\/a><\/li>\r\n<li><a href=\"https:\/\/bmacloud.7systems.de\/wp-content\/uploads\/2024\/02\/Algorex-Anschluss-und-einlesen-1.pdf\">Siemens Algorex Anschluss und einlesen<\/a><\/li>\r\n<li><a href=\"https:\/\/bmacloud.7systems.de\/wp-content\/uploads\/2024\/01\/Siemens-FS20-Anschluss-und-einlesen.pdf\">Siemens FS20 Anschluss und einlesen<\/a><\/li>\r\n<\/ul>\r\n<ul>\r\n<li><a href=\"https:\/\/www.7systems.de\/wp-content\/uploads\/2019\/10\/Export-Sigmasys.pdf\">Siemens Sigmasys einlesen<\/a><\/li>\r\n<li><a href=\"https:\/\/www.7systems.de\/wp-content\/uploads\/2020\/11\/SM3-Datobox.pdf\">Schraner SM3 Anschluss<\/a><\/li>\r\n<li><a href=\"https:\/\/bmacloud.7systems.de\/wp-content\/uploads\/2024\/10\/Telenot-Complex-V6-Anschluss-und-einlesen-.pdf\" target=\"_blank\" rel=\"noopener\">Telenot Complex Anschluss und einlesen<\/a><\/li>\r\n<li><a href=\"https:\/\/bmacloud.7systems.de\/wp-content\/uploads\/2024\/04\/Dokumentation-Telenot-HiFire-WebServer.pdf\">Telenot HiFire Anschluss<\/a><\/li>\r\n<li><a href=\"https:\/\/bmacloud.7systems.de\/wp-content\/uploads\/2023\/12\/Einlesen-Telenot-HiFire.pdf\">Telenot HiFire einlesen\u00a0<\/a><\/li>\r\n<li><a href=\"https:\/\/bmacloud.7systems.de\/wp-content\/uploads\/2024\/05\/Hiplex-Anschluss-und-einlesen5.pdf\">Telenot Hiplex Anschluss und einlesen<\/a><\/li>\r\n<li><a href=\"https:\/\/bmacloud.7systems.de\/wp-content\/uploads\/2024\/01\/Tyco-Anschluss-und-einlesen.pdf\">Tyco Anschluss und einlesen<\/a><\/li>\r\n<li><a href=\"https:\/\/bmacloud.7systems.de\/wp-content\/uploads\/2024\/02\/FP1200-FP2000-Anschluss-Einlesen-2.pdf\">UTC Fire &amp; Security Aritech FP1200-FP2000 Anschluss und einlesen\u00a0<\/a><\/li>\r\n<\/ul>\r\n<\/li>\r\n<\/ul>\r\n<p>&nbsp;<\/p>\r\n<p><strong>Videoanleitungen\u00a0\u00a0<\/strong><\/p>\r\n<ul>\r\n<li style=\"list-style-type: none;\">\r\n<ul>\r\n<li><a href=\"https:\/\/www.youtube.com\/watch?v=-9FH3qc2lHc\">Bosch FAT\u00a0<\/a><\/li>\r\n<li><a href=\"https:\/\/www.youtube.com\/watch?v=ihEE4g4S7Cg\">NSC FAT<\/a><\/li>\r\n<\/ul>\r\n<\/li>\r\n<\/ul>\r\n<ul>\r\n<li><strong>Adapter und sonstige<\/strong>\r\n<ul>\r\n<li><a href=\"https:\/\/www.7systems.de\/wp-content\/uploads\/2020\/11\/Adapter-Uni-5V.pdf\">Adapter Uni 5V+<\/a><\/li>\r\n<li><a href=\"https:\/\/bmacloud.7systems.de\/wp-content\/uploads\/2025\/04\/RS485-Extender.pdf\" target=\"_blank\" rel=\"noopener\">RS485 Extender<\/a><\/li>\r\n<\/ul>\r\n<\/li>\r\n<\/ul>\r\n<ul>\r\n<li><strong>BMAcloud<\/strong>\r\n<ul>\r\n<li><a href=\"https:\/\/www.7systems.de\/wp-content\/uploads\/2021\/03\/7systems_Benutzerschulung_allgemein.pdf\" target=\"_blank\" rel=\"noopener\">Allgemeine Benutzerschulung Wartungsbox\/ BMAcloud<\/a><\/li>\r\n<li><a href=\"https:\/\/bmacloud.7systems.de\/wp-content\/uploads\/2024\/06\/Anleitung-Begehung2.pdf\">Anleitung Begehung\u00a0<\/a><\/li>\r\n<li><a href=\"https:\/\/bmacloud.7systems.de\/wp-content\/uploads\/2023\/11\/Template.pdf\">Anleitung Template erstellen\/ bearbeiten<\/a><\/li>\r\n<li><a href=\"https:\/\/bmacloud.7systems.de\/wp-content\/uploads\/2024\/07\/Ueberbrueckungszeit-Template-3-.pdf\">Anleitung \u00dcberbr\u00fcckungszeit Template<\/a><\/li>\r\n<li><a href=\"https:\/\/bmacloud.7systems.de\/wp-content\/uploads\/2025\/04\/Datenaustausch.pdf\">Datenaustausch<\/a><\/li>\r\n<li><a href=\"https:\/\/bmacloud.7systems.de\/wp-content\/uploads\/2024\/07\/Exportieren-von-Anlagen-aus-BMAcloud.pdf\">Exportieren von Anlagen aus BMAcloud<\/a><\/li>\r\n<li><a href=\"https:\/\/bmacloud.7systems.de\/wp-content\/uploads\/2025\/05\/Anleitung_BMAcloud-CLSS-1.pdf\" target=\"_blank\" rel=\"noopener\">Honeywell CLSS Integration<\/a><\/li>\r\n<li><a href=\"https:\/\/bmacloud.7systems.de\/wp-content\/uploads\/2023\/09\/OAuth2-Einrichtung.pdf\" target=\"_blank\" rel=\"noopener\">OAuth Einrichtung mit Microsoft bei eigenem BMAcloud Server<\/a><\/li>\r\n<li><a href=\"https:\/\/bmacloud.7systems.de\/wp-content\/uploads\/2023\/09\/YourBMAcloud-1.pdf\" target=\"_blank\" rel=\"noopener\">YourBMAcloud<\/a><\/li>\r\n<\/ul>\r\n<\/li>\r\n<\/ul>\r\n<p>&nbsp;<\/p>\r\n\r\n<ul class=\"wp-block-list\">\r\n<li><strong>Wartungsbox<\/strong>\r\n<ul>\r\n<li><a href=\"https:\/\/bmacloud.7systems.de\/wp-content\/uploads\/2024\/06\/Anleitung-Wartungsbox-5.pdf\" target=\"_blank\" rel=\"noopener\">Anleitung Wartungsbox<\/a><\/li>\r\n<li><a href=\"https:\/\/bmacloud.7systems.de\/wp-content\/uploads\/2024\/01\/Wartungsbox-mit-Wlan-verbinden-7systems.pdf\">Anleitung Wartungsbox mit WLAN verbinden<\/a><\/li>\r\n<li><a href=\"https:\/\/bmacloud.7systems.de\/wp-content\/uploads\/2025\/04\/Wartungsbox-Weboberflaeche.pdf\">Anleitung Wartungsbox &#8211; Weboberfl\u00e4che<\/a><\/li>\r\n<li><a href=\"https:\/\/bmacloud.7systems.de\/wp-content\/uploads\/2022\/01\/Wartungsbox-Entstoerhilfe.pdf\" target=\"_blank\" rel=\"noopener\">Support Leitfaden Wartungsbox \/ Entst\u00f6rungshilfe<\/a><\/li>\r\n<\/ul>\r\n<\/li>\r\n<\/ul>\r\n<p>&nbsp;<\/p>\r\n<ul>\r\n<li><strong>7alert<\/strong>\r\n<ul>\r\n<li><a href=\"https:\/\/bmacloud.7systems.de\/wp-content\/uploads\/2024\/07\/Anleitung-7Alert-App-2.pdf\" target=\"_blank\" rel=\"noopener\">Anleitung 7alert App<\/a><\/li>\r\n<li><a href=\"https:\/\/bmacloud.7systems.de\/wp-content\/uploads\/2024\/02\/7alert-windows.pdf\" target=\"_blank\" rel=\"noopener\">Anleitung 7alert App f\u00fcr Windows<\/a><\/li>\r\n<li><a href=\"https:\/\/bmacloud.7systems.de\/wp-content\/uploads\/2023\/01\/210308-Verknuepfung-Box-mit-Anlage-fuer-stationaeren-Einsatz.pdf\" target=\"_blank\" rel=\"noopener\">Verkn\u00fcpfung Box und Anlage zum station\u00e4ren Einsatz<\/a><\/li>\r\n<\/ul>\r\n<\/li>\r\n<\/ul>\r\n<p>&nbsp;<\/p>\r\n<ul>\r\n<li><strong>Feuerwehrbildschirm<\/strong>\r\n<ul>\r\n<li><a href=\"https:\/\/bmacloud.7systems.de\/wp-content\/uploads\/2024\/06\/Anleitung-FW_Bildschirm2.pdf\" target=\"_blank\" rel=\"noopener\">Anleitung Feuerwehrbildschirm<\/a><\/li>\r\n<li><a href=\"https:\/\/www.youtube.com\/shorts\/LmVwpcczTW8\">Video FW-Bildschirm<\/a><\/li>\r\n<\/ul>\r\n<\/li>\r\n<\/ul>\r\n<p>&nbsp;<\/p>\r\n<ul>\r\n<li><strong>Support\u00a0<\/strong>\r\n<ul>\r\n<li><a href=\"https:\/\/bmacloud.7systems.de\/wp-content\/uploads\/2024\/02\/Debug-Meldungen-der-Zentrale-kommen-nicht-auf-Handy-an.pdf\">Debug: Meldungen der Zentrale kommen nicht am Handy an<\/a><\/li>\r\n<li><a href=\"https:\/\/bmacloud.7systems.de\/wp-content\/uploads\/2024\/02\/Debug-Box-offline.pdf\">Debug: Box offline<\/a><\/li>\r\n<li><a href=\"https:\/\/bmacloud.7systems.de\/wp-content\/uploads\/2024\/02\/Debug-Box-Anlage.pdf\">Debug: Box erh\u00e4lt keine Meldungen von der Zentrale<\/a><\/li>\r\n<li><a href=\"https:\/\/bmacloud.7systems.de\/wp-content\/uploads\/2024\/02\/Haeufige-Fragen-1.pdf\">H\u00e4ufige Fragen<\/a><\/li>\r\n<\/ul>\r\n<\/li>\r\n<\/ul>\r\n<p>[\/vc_column_text][vc_column_text][\/vc_column_text][\/vc_column][\/vc_row][vc_row][vc_column][vc_column_text]<\/p>\r\n<p><strong>Weiterf\u00fchrende Infos zu m\u00f6glichen Fehlern und deren Behebung finden Sie in unserer Entst\u00f6rungshilfe, die Sie <a href=\"https:\/\/www.7systems.de\/wp-content\/uploads\/2021\/02\/Wartungsbox-Entstoerhilfe.pdf\">hier<\/a> downloaden k\u00f6nnen.<\/strong><\/p>\r\n<p>[\/vc_column_text][\/vc_column][\/vc_row]<\/p>","protected":false},"excerpt":{"rendered":"<p>[vc_row][vc_column][vc_raw_html]JTNDJTIxLS0lMjBHb29nbGUlMjB0YWclMjAlMjhndGFnLmpzJTI5JTIwLS0lM0UlMEElM0NzY3JpcHQlMjBhc3luYyUyMHNyYyUzRCUyMmh0dHBzJTNBJTJGJTJGd3d3Lmdvb2dsZXRhZ21hbmFnZXIuY29tJTJGZ3RhZyUyRmpzJTNGaWQlM0RHLTJSWllNTEwzSjglMjIlM0UlM0MlMkZzY3JpcHQlM0UlMEElM0NzY3JpcHQlM0UlMEElMjAlMjB3aW5kb3cuZGF0YUxheWVyJTIwJTNEJTIwd2luZG93LmRhdGFMYXllciUyMCU3QyU3QyUyMCU1QiU1RCUzQiUwQSUyMCUyMGZ1bmN0aW9uJTIwZ3RhZyUyOCUyOSU3QmRhdGFMYXllci5wdXNoJTI4YXJndW1lbnRzJTI5JTNCJTdEJTBBJTIwJTIwZ3RhZyUyOCUyN2pzJTI3JTJDJTIwbmV3JTIwRGF0ZSUyOCUyOSUyOSUzQiUwQSUwQSUyMCUyMGd0YWclMjglMjdjb25maWclMjclMkMlMjAlMjdHLTJSWllNTEwzSjglMjclMjklM0IlMEElM0MlMkZzY3JpcHQlM0U=[\/vc_raw_html][vc_empty_space][vc_column_text] Hier finden Sie hilfreiche Dokumente und Anleitungen zum Download Sollten Ihre Fragen hierdurch nicht beantwortet werden, kontaktieren Sie einfach unser Serviceteam unter +49 2266 4400014 oder support@bmacloud.de[\/vc_column_text][\/vc_column][\/vc_row][vc_row][vc_column][vc_column_text] Zentralenanschluss &amp; Einlesen Programmierung Allgemeiner Import BMA Allgemeiner Import EMA ABI 1500 Anschluss und einlesen Bosch Anschluss und einlesen Bosch FAT Anschlussvideo Bosch UEZ Anschluss und einlesen [&hellip;]<\/p>\n","protected":false},"author":1,"featured_media":0,"parent":0,"menu_order":0,"comment_status":"closed","ping_status":"closed","template":"","meta":{"om_disable_all_campaigns":false,"_mi_skip_tracking":false,"footnotes":""},"class_list":["post-165","page","type-page","status-publish","hentry"],"_links":{"self":[{"href":"https:\/\/bmacloud.7systems.de\/index.php\/wp-json\/wp\/v2\/pages\/165","targetHints":{"allow":["GET"]}}],"collection":[{"href":"https:\/\/bmacloud.7systems.de\/index.php\/wp-json\/wp\/v2\/pages"}],"about":[{"href":"https:\/\/bmacloud.7systems.de\/index.php\/wp-json\/wp\/v2\/types\/page"}],"author":[{"embeddable":true,"href":"https:\/\/bmacloud.7systems.de\/index.php\/wp-json\/wp\/v2\/users\/1"}],"replies":[{"embeddable":true,"href":"https:\/\/bmacloud.7systems.de\/index.php\/wp-json\/wp\/v2\/comments?post=165"}],"version-history":[{"count":334,"href":"https:\/\/bmacloud.7systems.de\/index.php\/wp-json\/wp\/v2\/pages\/165\/revisions"}],"predecessor-version":[{"id":19397,"href":"https:\/\/bmacloud.7systems.de\/index.php\/wp-json\/wp\/v2\/pages\/165\/revisions\/19397"}],"wp:attachment":[{"href":"https:\/\/bmacloud.7systems.de\/index.php\/wp-json\/wp\/v2\/media?parent=165"}],"curies":[{"name":"wp","href":"https:\/\/api.w.org\/{rel}","templated":true}]}}